31815?
3
What is the hundred thousands digit of 5198308?
1
What is the hundreds digit of 7996415?
4
What is the thousands digit of 2033183?
3
What is the hundred thousands digit of 566641?
5
What is the millions digit of 16592473?
6
What is the hundred thousands digit of 566218?
5
What is the hundred thousands digit of 12843400?
8
What is the units digit of 483507?
7
What is the thousands digit of 369187?
9
What is the ten thousands digit of 8230162?
3
What is the units digit of 15681955?
5
What is the units digit of 438983?
3
What is the ten thousands digit of 523256?
2
What is the ten thousands digit of 238639?
3
What is the units digit of 2833416?
6
What is the thousands digit of 109486?
9
What is the tens digit of 183715?
1
What is the hundreds digit of 785083?
0
What is the hundred thousands digit of 224006?
2
What is the ten thousands digit of 62983?
6
What is the hundreds digit of 436362?
3
What is the units digit of 390779?
9
What is the hundreds digit of 1103158?
1
What is the thousands digit of 546667?
6
What is the thousands digit of 12528230?
8
What is the ten thousands digit of 14180?
1
What is the millions digit of 5662964?
5
What is the hundreds digit of 282577?
5
What is the thousands digit of 151704?
1
What is the hundreds digit of 14267232?
2
What is the hundreds digit of 9873441?
4
What is the thousands digit of 8392950?
2
What is the ten thousands digit of 3974726?
7
What is the thousands digit of 35586187?
6
What is the thousands digit of 361260?
1
What is the thousands digit of 237814?
7
What is the hundreds digit of 8457240?
2
What is the hundreds digit of 10877193?
1
What is the units digit of 3751862?
2
What is the units digit of 416894?
4
What is the tens digit of 149385?
8
What is the tens digit of 276898?
9
What is the millions digit of 1648307?
1
What is the units digit of 4297197?
7
What is the tens digit of 8080141?
4
What is the hundred thousands digit of 587174?
5
What is the hundreds digit of 375292?
2
What is the units digit of 176059?
9
What is the thousands digit of 1830874?
0
What is the thousands digit of 3206622?
6
What is the hundreds digit of 64380?
3
What is the tens digit of 36679?
7
What is the millions digit of 8413979?
8
What is the ten thousands digit of 742542?
4
What is the millions digit of 5427347?
5
What is the hundreds digit of 8560382?
3
What is the units digit of 8088101?
1
What is the ten thousands digit of 897852?
9
What is the thousands digit of 9821613?
1
What is the tens digit of 158459?
5
What is the units digit of 458647?
7
What is the units digit of 268212?
2
What is the hundreds digit of 8038478?
4
What is the hundred thousands digit of 243202?
2
What is the tens digit of 877578?
7
What is the units digit of 137244?
4
What is the units digit of 6711958?
8
What is the units digit of 1708835?
5
What is the thousands digit of 263544?
3
What is the units digit of 162564?
4
What is the ten thousands digit of 68287?
6
What is the hundreds digit of 13656101?
1
What is the hundred thousands digit of 604987?
6
What is the hundred thousands digit of 4135167?
1
What is the millions digit of 2898081?
2
What is the hundred thousands digit of 11939277?
9
What is the hundred thousands digit of 1871856?
8
What is the ten thousands digit of 8120285?
2
What is the units digit of 1131210?
0
What is the hundreds digit of 12004100?
1
What is the hundreds digit of 1971933?
9
What is the tens digit of 24340808?
0
What is the ten thousands digit of 16758888?
5
What is the units digit of 1116405?
5
What is the units digit of 536704?
4
What is the ten thousands digit of 108246?
0
What is the thousands digit of 195751?
5
What is the hundred thousands digit of 3679939?
6
What is the thousands digit of 2931286?
1
What is the ten thousands digit of 2281031?
8
What is the units digit of 2844676?
6
What is the thousands digit of 23321657?
1
What is the tens digit of 2436969?
6
What is the tens digit of 426835?
3
What is the tens digit of 6253169?
6
What is the units digit of 436168?
8
What is the millions digit of 2835487?
2
What is the thousands digit of 2033195?
3
What is the hundred thousands digit of 4838761?
8
What is the ten thousands digit of 671716?
7
What is the millions digit of 5694711?
5
What is the hundred thousands digit of 12874436?
8
What is the thousands digit of 244461?
4
What is the hundreds digit of 1265352?
3
What is the hundreds digit of 7417052?
0
What is the thousands digit of 6432033?
2
What is the ten thousands digit of 3668428?
6
What is the millions digit of 2212692?
2
What is the ten thousands digit of 284978?
8
What is the thousands digit of 3344330?
4
What is the hundred thousands digit of 255328?
2
What is the hundreds digit of 2931962?
9
What is the units digit of 2465786?
6
What is the ten thousands digit of 214666?
1
What is the ten thousands digit of 659954?
5
What is the hundred thousands digit of 3979432?
9
What is the thousands digit of 148891?
8
What is the hundreds digit of 3596174?
1
What is the millions digit of 9942111?
9
What is the hundred thousands digit of 11254432?
2
What is the hundred thousands digit of 4077546?
0
What is the hundreds digit of 2181697?
6
What is the tens digit of 1841312?
1
What is the thousands digit of 62107?
2
What is the hundred thousands digit of 435105?
4
What is the hundred thousands digit of 1028234?
0
What is the thousands digit of 8677963?
7
What is the ten thousands digit of 1498672?
9
What is the hundreds digit of 1996600?
6
What is the hundred thousands digit of 716362?
7
What is the hundred thousands digit of 289188?
2
What is the tens digit of 177971?
7
What is the ten thousands digit of 215369?
1
What is the thousands digit of 472525?
2
What is the tens digit of 14142946?
4
What is the thousands digit of 9872116?
2
What is the tens digit of 77738?
3
What is the hundreds digit of 978918?
9
What is the units digit of 443842?
2
What is the hundreds digit of 210689?
6
What is the units digit of 9019247?
7
What is the hundreds digit of 3108837?
8
What is the millions digit of 1277047?
1
What is the hundreds digit of 1926226?
2
What is the millions digit of 3863155?
3
What is the hundreds digit of 1241329?
3
What is the ten thousands digit of 21054968?
5
What is the ten thousands digit of 28271?
2
What is the hundred thousands digit of 10735703?
7
What is the ten thousands digit of 50550?
5
What is the hundred thousands digit of 1091296?
0
What is the tens digit of 46076?
7
What is the thousands digit of 124545?
4
What is the ten thousands digit of 1441195?
4
What is the thousands digit of 3582303?
2
What is the hundreds digit of 442027?
0
What is the units digit of 1036988?
8
What is the thousands digit of 2638684?
8
What is the ten thousands digit of 4119359?
1
What is the tens digit of 1303687?
8
What is the hundred thousands digit of 797947?
7
What is the units digit of 3899657?
7
What is the ten millions digit of 16624250?
1
What is the units digit of 3674768?
8
What is the ten thousands digit of 285284?
8
What is the ten thousands digit of 4402421?
0
What is the thousands digit of 166239?
6
What is the ten thousands digit of 2421369?
2
What is the ten thousands digit of 29230?
2
What is the hundred thousands digit of 14220532?
2
What is the hundreds digit of 1092334?
3
What is the tens digit of 456484?
8
What is the ten thousands digit of 90567?
9
What is the thousands digit of 88945?
8
What is the ten thousands digit of 16011705?
1
What is the hundreds digit of 322808?
8
What is the hundreds digit of 1638930?
9
What is the ten thousands digit of 9219511?
1
What is the thousands digit of 15806016?
6
What is the units digit of 6462841?
1
What is the hundred thousands digit of 178267?
1
What is the thousands digit of 91916?
1
What is the thousands digit of 455827?
5
What is the millions digit of 3867175?
3
What is the thousands digit of 1317418?
7
What is the thousands digit of 9920790?
0
What is the tens digit of 1384378?
7
What is the units digit of 333232?
2
What is the hundreds digit of 3306328?
3
What is the hundreds digit of 829172?
1
What is the ten thousands digit of 160953?
6
What is the units digit of 1013140?
0
What is the ten thousands digit of 689866?
8
What is the tens digit of 193920?
2
What is the ten millions